{"version":"1.0","provider_name":"Pensium","provider_url":"https:\/\/pensium.es\/ca\/","title":"Feliz d\u00eda de los Abuelos 2022: Una canci\u00f3n para ti","type":"rich","width":600,"height":338,"html":"<blockquote class=\"wp-embedded-content\" data-secret=\"u4cjIXdhZ9\"><a href=\"https:\/\/pensium.es\/ca\/dia-abuelos-2022\/\">Feliz d\u00eda de los Abuelos 2022: Una canci\u00f3n para ti<\/a><\/blockquote><iframe sandbox=\"allow-scripts\" security=\"restricted\" src=\"https:\/\/pensium.es\/ca\/dia-abuelos-2022\/embed\/#?secret=u4cjIXdhZ9\" width=\"600\" height=\"338\" title=\"&#8220;Feliz d\u00eda de los Abuelos 2022: Una canci\u00f3n para ti&#8221; &#8212; Pensium\" data-secret=\"u4cjIXdhZ9\" frameborder=\"0\" marginwidth=\"0\" marginheight=\"0\" scrolling=\"no\" class=\"wp-embedded-content\"><\/iframe><script type=\"text\/javascript\">\n\/* <![CDATA[ *\/\n\/*! This file is auto-generated *\/\n!function(d,l){\"use strict\";l.querySelector&&d.addEventListener&&\"undefined\"!=typeof URL&&(d.wp=d.wp||{},d.wp.receiveEmbedMessage||(d.wp.receiveEmbedMessage=function(e){var t=e.data;if((t||t.secret||t.message||t.value)&&!\/[^a-zA-Z0-9]\/.test(t.secret)){for(var s,r,n,a=l.querySelectorAll('iframe[data-secret=\"'+t.secret+'\"]'),o=l.querySelectorAll('blockquote[data-secret=\"'+t.secret+'\"]'),c=new RegExp(\"^https?:$\",\"i\"),i=0;i<o.length;i++)o[i].style.display=\"none\";for(i=0;i<a.length;i++)s=a[i],e.source===s.contentWindow&&(s.removeAttribute(\"style\"),\"height\"===t.message?(1e3<(r=parseInt(t.value,10))?r=1e3:~~r<200&&(r=200),s.height=r):\"link\"===t.message&&(r=new URL(s.getAttribute(\"src\")),n=new URL(t.value),c.test(n.protocol))&&n.host===r.host&&l.activeElement===s&&(d.top.location.href=t.value))}},d.addEventListener(\"message\",d.wp.receiveEmbedMessage,!1),l.addEventListener(\"DOMContentLoaded\",function(){for(var e,t,s=l.querySelectorAll(\"iframe.wp-embedded-content\"),r=0;r<s.length;r++)(t=(e=s[r]).getAttribute(\"data-secret\"))||(t=Math.random().toString(36).substring(2,12),e.src+=\"#?secret=\"+t,e.setAttribute(\"data-secret\",t)),e.contentWindow.postMessage({message:\"ready\",secret:t},\"*\")},!1)))}(window,document);\n\/\/# sourceURL=https:\/\/pensium.es\/wp-includes\/js\/wp-embed.min.js\n\/* ]]> *\/\n<\/script>\n","thumbnail_url":"https:\/\/pensium.es\/wp-content\/uploads\/2022\/07\/abuelos.jpg","thumbnail_width":944,"thumbnail_height":455,"description":"El d\u00eda 26 de julio de cada a\u00f1o tenemos una cita muy importante con una parte de nuestra sociedad que cada vez est\u00e1 adoptando un mayor protagonismo como facilitador del desarrollo de nuestros hijos, y a los que debemos agradecer que una gran parte de los hogares espa\u00f1oles puedan conciliar su vida laboral con el ... Read More"}

Feliz día de los Abuelos 2022: Una canción para ti

<blockquote class="wp-embedded-content" data-secret="u4cjIXdhZ9"><a href="https://pensium.es/ca/dia-abuelos-2022/">Feliz día de los Abuelos 2022: Una canción para ti</a></blockquote><iframe sandbox="allow-scripts" security="restricted" src="https://pensium.es/ca/dia-abuelos-2022/embed/#?secret=u4cjIXdhZ9" width="600" height="338" title="&#8220;Feliz día de los Abuelos 2022: Una canción para ti&#8221; &#8212; Pensium" data-secret="u4cjIXdhZ9" frameborder="0" marginwidth="0" marginheight="0" scrolling="no" class="wp-embedded-content"></iframe><script type="text/javascript">
/* <![CDATA[ */
/*! This file is auto-generated */
!function(d,l){"use strict";l.querySelector&&d.addEventListener&&"undefined"!=typeof URL&&(d.wp=d.wp||{},d.wp.receiveEmbedMessage||(d.wp.receiveEmbedMessage=function(e){var t=e.data;if((t||t.secret||t.message||t.value)&&!/[^a-zA-Z0-9]/.test(t.secret)){for(var s,r,n,a=l.querySelectorAll('iframe[data-secret="'+t.secret+'"]'),o=l.querySelectorAll('blockquote[data-secret="'+t.secret+'"]'),c=new RegExp("^https?:$","i"),i=0;i<o.length;i++)o[i].style.display="none";for(i=0;i<a.length;i++)s=a[i],e.source===s.contentWindow&&(s.removeAttribute("style"),"height"===t.message?(1e3<(r=parseInt(t.value,10))?r=1e3:~~r<200&&(r=200),s.height=r):"link"===t.message&&(r=new URL(s.getAttribute("src")),n=new URL(t.value),c.test(n.protocol))&&n.host===r.host&&l.activeElement===s&&(d.top.location.href=t.value))}},d.addEventListener("message",d.wp.receiveEmbedMessage,!1),l.addEventListener("DOMContentLoaded",function(){for(var e,t,s=l.querySelectorAll("iframe.wp-embedded-content"),r=0;r<s.length;r++)(t=(e=s[r]).getAttribute("data-secret"))||(t=Math.random().toString(36).substring(2,12),e.src+="#?secret="+t,e.setAttribute("data-secret",t)),e.contentWindow.postMessage({message:"ready",secret:t},"*")},!1)))}(window,document);
//# sourceURL=https://pensium.es/wp-includes/js/wp-embed.min.js
/* ]]> */
</script>

El día 26 de julio de cada año tenemos una cita muy importante con una parte de nuestra sociedad que cada vez está adoptando un mayor protagonismo como facilitador del desarrollo de nuestros hijos, y a los que debemos agradecer que una gran parte de los hogares españoles puedan conciliar su vida laboral con el ... Read More
